{"id":454,"date":"2026-02-03T10:31:37","date_gmt":"2026-02-03T09:31:37","guid":{"rendered":"http:\/\/www.consorzio-cometa.it\/?page_id=454"},"modified":"2026-02-03T10:32:36","modified_gmt":"2026-02-03T09:32:36","slug":"gino-bella","status":"publish","type":"page","link":"https:\/\/www.consorzio-cometa.it\/index.php\/gino-bella\/","title":{"rendered":"Gino Bella"},"content":{"rendered":"\n<div class=\"wp-block-columns is-layout-flex wp-container-core-columns-is-layout-9d6595d7 wp-block-columns-is-layout-flex\">\n<div class=\"wp-block-column is-layout-flow wp-block-column-is-layout-flow\" style=\"flex-basis:33.33%\">\n<figure class=\"wp-block-image size-full is-resized\"><img loading=\"lazy\" decoding=\"async\" width=\"200\" height=\"200\" src=\"https:\/\/www.consorzio-cometa.it\/wp-content\/uploads\/2026\/02\/Gino-Bella.jpg\" alt=\"\" class=\"wp-image-865\" style=\"width:190px\" srcset=\"https:\/\/www.consorzio-cometa.it\/wp-content\/uploads\/2026\/02\/Gino-Bella.jpg 200w, https:\/\/www.consorzio-cometa.it\/wp-content\/uploads\/2026\/02\/Gino-Bella-150x150.jpg 150w\" sizes=\"auto, (max-width: 200px) 100vw, 200px\" \/><\/figure>\n<\/div>\n\n\n\n<div class=\"wp-block-column is-layout-flow wp-block-column-is-layout-flow\" style=\"flex-basis:66.66%\">\n<p>Ruolo:&nbsp;<strong>Consigliere<\/strong> <strong>CdA<\/strong><\/p>\n\n\n\n<p>mail: gino.bella@unicusano.it<\/p>\n<\/div>\n<\/div>\n\n\n\n<p><strong>Nota Biografica<\/strong><\/p>\n\n\n\n<p>GINO BELLA<\/p>\n\n\n\n<p><strong>Formazione e posizioni lavorative<\/strong><\/p>\n\n\n\n<p>Gino Bella \u00e8&nbsp;<strong>Professore Ordinario<\/strong>&nbsp;di&nbsp;<a target=\"_blank\" rel=\"noreferrer noopener\" href=\"https:\/\/ricerca.unicusano.it\/wp-content\/uploads\/2022\/12\/L9_fluid-machinery-and-energy-systems_2022_2023.pdf\">Macchine e Sistemi per l&#8217;Energia e l&#8217;Ambiente (ING-IND\/09)<\/a>&nbsp;e ha insegnato presso l&#8217;Universit\u00e0 degli Studi di Roma &#8220;Tor Vergata&#8221; e l&#8217;Universit\u00e0 Niccol\u00f2 Cusano. La sua attivit\u00e0 di ricerca si focalizza principalmente sulla&nbsp;<strong>fluidodinamica computazionale<\/strong>, sulla simulazione dei processi di combustione e sullo sviluppo di motori a combustione interna a basso impatto ambientale. Ha coordinato numerosi gruppi di ricerca dedicati alla mobilit\u00e0 sostenibile e alle tecnologie energetiche innovative.&nbsp;<\/p>\n\n\n\n<p>Il legame con il Consorzio SCIRE<\/p>\n\n\n\n<p>In qualit\u00e0 di esponente del&nbsp;<strong>Consorzio SCIRE<\/strong>&nbsp;(Sviluppo di Tecnologie Industriali per la Ricerca Europea), il prof. Bella ha gestito importanti progetti di ricerca e sviluppo industriale. Tra questi spiccano:<\/p>\n\n\n\n<ul class=\"wp-block-list\">\n<li><strong>Progetto Hi-ZEV:<\/strong>\u00a0Un&#8217;iniziativa nell&#8217;ambito del bando &#8220;Made in Italy&#8221; focalizzata sullo sviluppo di veicoli a zero emissioni, in collaborazione con universit\u00e0 siciliane (Catania, Palermo, Messina) ed enti nazionali come l&#8217;INAF.<\/li>\n\n\n\n<li><strong>Progetto Hi-Quod:<\/strong>\u00a0Partecipazione alle linee di ricerca per la creazione di un quadriciclo elettrico ad alta efficienza tecnologica.<\/li>\n\n\n\n<li><strong>Sinergie Istituzionali:<\/strong>\u00a0Ha operato come ponte tra il mondo accademico e i principali enti di ricerca (INFN, INGV, INAF) per l&#8217;integrazione di sistemi tecnologici complessi in ambito industriale\u00a0<a href=\"https:\/\/trasparenza.finpiemonte.it\/media\/2048\/download\" target=\"_blank\" rel=\"noreferrer noopener\">come riportato nel suo CV istituzionale<\/a>.\u00a0<\/li>\n<\/ul>\n\n\n\n<p><\/p>\n","protected":false},"excerpt":{"rendered":"<p>Ruolo:&nbsp;Consigliere CdA mail: gino.bella@unicusano.it Nota Biografica GINO BELLA Formazione e posizioni lavorative Gino Bella \u00e8&nbsp;Professore Ordinario&nbsp;di&nbsp;Macchine e Sistemi per l&#8217;Energia e l&#8217;Ambiente (ING-IND\/09)&nbsp;e ha insegnato presso l&#8217;Universit\u00e0 degli Studi di Roma &#8220;Tor Vergata&#8221; e l&#8217;Universit\u00e0 Niccol\u00f2 Cusano. La sua attivit\u00e0 di ricerca si focalizza principalmente sulla&nbsp;fluidodinamica computazionale, sulla simulazione dei processi di combustione e sullo [&hellip;]<\/p>\n","protected":false},"author":1,"featured_media":0,"parent":0,"menu_order":10,"comment_status":"closed","ping_status":"closed","template":"","meta":{"footnotes":""},"class_list":["post-454","page","type-page","status-publish","hentry"],"_links":{"self":[{"href":"https:\/\/www.consorzio-cometa.it\/index.php\/wp-json\/wp\/v2\/pages\/454","targetHints":{"allow":["GET"]}}],"collection":[{"href":"https:\/\/www.consorzio-cometa.it\/index.php\/wp-json\/wp\/v2\/pages"}],"about":[{"href":"https:\/\/www.consorzio-cometa.it\/index.php\/wp-json\/wp\/v2\/types\/page"}],"author":[{"embeddable":true,"href":"https:\/\/www.consorzio-cometa.it\/index.php\/wp-json\/wp\/v2\/users\/1"}],"replies":[{"embeddable":true,"href":"https:\/\/www.consorzio-cometa.it\/index.php\/wp-json\/wp\/v2\/comments?post=454"}],"version-history":[{"count":3,"href":"https:\/\/www.consorzio-cometa.it\/index.php\/wp-json\/wp\/v2\/pages\/454\/revisions"}],"predecessor-version":[{"id":867,"href":"https:\/\/www.consorzio-cometa.it\/index.php\/wp-json\/wp\/v2\/pages\/454\/revisions\/867"}],"wp:attachment":[{"href":"https:\/\/www.consorzio-cometa.it\/index.php\/wp-json\/wp\/v2\/media?parent=454"}],"curies":[{"name":"wp","href":"https:\/\/api.w.org\/{rel}","templated":true}]}}